5*s - 64. Suppose 0 = v + 8*d - 3*d + s, 5*v - 2*d = 30. Suppose f + 7 = v*w + 3, f = 5*w - 6. Calculate c(w).
-8
Suppose b - 2 = -2*g + 4, -2*b - 24 = -5*g. Let q be -3 + (2 - (g*3)/(-4)). Suppose q*x - 40 = -42. Let k(a) = 7*a**3 - a**2 - 2*a - 1. Give k(x).
-7
Let t(n) = -7*n**2 + 44*n - 18. Suppose -891*p - 18 = -894*p. Calculate t(p).
-6
Let p(i) be the second derivative of i - 5/2*i**2 - 3 - 1/6*i**3. Determine p(-3).
-2
Let i(a) = -22*a - 54 + 97 - 36. What is i(3)?
-59
Let i(v) be the first derivative of 7*v**2/2 - 67*v - 2389. Determine i(11).
10
Let m(q) = 12*q**3 - 113*q**2 - q - 8. Let c(t) = 11*t**3 - 99*t**2 - t - 7. Let a(u) = 8*c(u) - 7*m(u). Calculate a(1).
2
Let i(o) be the first derivative of -3*o**4/4 - o**2 - o - 1. Let z = -18304 - -18303. Determine i(z).
4
Let b = 3596 + -3593. Let q(h) = -10*h + 5. Determine q(b).
-25
Let t(z) = 3*z**2 - 29*z - 72. Let c be t(12). Let l(m) = m**2 - 11*m - 2. Give l(c).
10
Suppose 9*k = -2*k - 33. Let y(a) = -a**3 - 5*a**2 - 4*a + 6. Let s be y(k). Let n(o) = -5 + 5 + o**3 + 1. Give n(s).
1
Let b = 143 + -131. Let g(q) = b*q**2 - 17 + 38 + q - 15 + q**3. Calculate g(-12).
-6
Let l(m) be the second derivative of -m**5/20 + 5*m**4/6 - 3*m**3/2 + 13*m**2/2 + 2840*m - 1. Give l(5).
93
Let c(o) = -59*o**3 - 187*o**2 + 93*o - 77. Let x(u) = 4*u**3 + 12*u**2 - 6*u + 5. Let p(h) = 2*c(h) + 31*x(h). Let w = 2 + -1. Calculate p(w).
5
Suppose 4*w + 2018 = -2*z, 6*z + 5 = 7*z. Let t = w + 504. Let m(b) = -3*b - 4. Give m(t).
5
Let x(v) = -2*v + 3. Let t be (-3*(12 - 10))/(1*-1). Suppose -t = -10*l + 34. Determine x(l).
-5
Let f(o) be the second derivative of 0*o**2 + 0 + 15*o - 3/40*o**5 + 2*o**3 - 1/6*o**4 - 1/360*o**6. Let q(a) be the second derivative of f(a). What is q(-4)?
16
Suppose -2*m - t - 10 = -0*t, 19 = -5*m - t. Let g(j) = 4*j**2 + 3. Let c(r) = -3*r**2 - r - 2. Let x(b) = 3*c(b) + 2*g(b). What is x(m)?
0
Let a(q) = q**2 - q + 6. Let c(v) = -15*v**2 + 6*v - 51. Let w(i) = -8*a(i) - c(i). Suppose 2*z = z - 2. Give w(z).
27
Let g = 1854 + -1865. Let q(b) = -2*b**3 - 20*b**2 + 20*b - 17. What is q(g)?
5
Let w(b) = -3*b**2 + 8*b - 8. Let v(d) = -7*d**2 + 17*d - 17. Let f(u) = -2*v(u) + 5*w(u). Let g(p) = 14*p - 9. Let q be g(1). Determine f(q).
-1
Let o(m) = 135*m + 15 + 140*m - 273*m. What is o(0)?
15
Let j(m) = -11*m - 3. Suppose 6*g + 3*g = 153. Let a(y) = 31*y + 10. Let w(f) = g*j(f) + 6*a(f). Give w(7).
2
Suppose -62*z + 53*z = 405. Let h be (-176)/(-18) + (-10)/z. Let f(k) = -2*k + 12. Determine f(h).
-8
Suppose -2*g + 22 = -4*b, -1 = g - 10*b + 11*b. Let c(v) = -3*v - 4*v**3 - 6*v**3 - v**3 + 0*v**g + 2*v. Calculate c(-1).
12
Let h = 4160 + -4154. Let b(a) be the first derivative of a**4/24 + a**3/3 + a**2/2 - 1. Let n(t) be the second derivative of b(t). Determine n(h).
8
Let x(b) = -350 + 443 + 8*b + 17. What is x(-14)?
-2
Let p be (-3)/18 + (-75)/(-18). Suppose -p*c + 24 = -0. Let l be (2 + 3)/((-6)/c). Let m(q) = q**3 + 6*q**2 + 5*q - 1. Give m(l).
-1
Let q(s) = -s**3 - 6*s**2 - 7*s - 4. Let v be (-9)/(-7 + 7 + (-2)/14). Suppose 5*i = -4*i - v. Let k(x) = -x**2 - 8*x - 12. Let b be k(i). Give q(b).
6
Let p(f) be the first derivative of f**4/4 + 23*f**3/3 - f**2/2 - 16*f - 4799. What is p(-23)?
7
Let c = 3856 + -3849. Suppose 5*f - 6 + 1 = 0. Let t(z) = -c - z - f + 7. Determine t(-7).
6
Let t(s) = -2*s - 16*s**2 + 23*s**2 - 1 - 4*s**2 - 22*s**2. Calculate t(-1).
-18
Let j = 108 + -108. Let m(g) be the third derivative of g**3 + j - 5*g**2 + 0*g - 1/8*g**4. Calculate m(5).
-9
Let y(d) = -d + 9 + 11*d - 5 - 3*d. Suppose 2*g + 1 = -2*h - 1, -4*h - 22 = -5*g. Determine y(h).
-17
Suppose 2*s + 2*l + 16 = 0, 200*l - 203*l - 20 = 2*s. Let k(h) = 7*h + 10. What is k(s)?
-18
Let p(i) = i**2 - 9*i + 13. Let y(w) = 69*w - 751. Let c be y(11). What is p(c)?
5
Let k(u) = 3*u. Suppose -12*z + 10 = -11*z. Suppose z*p = 5*p. Let w be 2 - (-1 - p)*-5. Determine k(w).
-9
Let b(z) = -123*z**3 - 22*z**2 - 10*z - 17. Let u(h) = 31*h**3 + 5*h**2 + 2*h + 4. Let y(s) = 2*b(s) + 9*u(s). Calculate y(1).
34
Let y(i) = -i**2 + 28*i + 701. Let r be y(-16). Let d(l) be the second derivative of -l**5/20 - l**4/3 + 2*l**2 - l. Calculate d(r).
-5
Let v(k) = 54 - 720*k**2 + 0*k - 3*k - 711*k**2 + 1471*k**2 - 2*k**3. Give v(20).
-6
Suppose 2*b - 5*j = 40, 6*b - j = 79 - 43. Let a(o) = -o**2 + 6*o - 1. Give a(b).
4
Let d(g) = 12*g + 2. Let b be d(0). Let c(z) = 65*z - 1 - b - 63*z - 2. Calculate c(5).
5
Let y(w) be the second derivative of w**5/20 - w**4/12 + w**3/3 - 4*w**2 + 846*w + 2. Give y(0).
-8
Let v(j) = -j**3 + 8*j**2 + 8*j + 12. Suppose 0 = -2*w - 3*b - 0*b + 15, w - 3*b = 12. What is v(w)?
3
Let d(u) be the third derivative of 31*u**2 - 7/60*u**5 + 0*u + 0*u**3 - 5/24*u**4 - 1/120*u**6 + 0. Determine d(-6).
-6
Let a(n) = -12*n - 7. Let y(m) = -7*m - 4. Suppose 4*p = -g + 13, 4*g + 1 = -4*p + 5. Let z(x) = g*a(x) + 5*y(x). Calculate z(5).
6
Let w(d) = -5*d**2 - d**2 - 6*d**2 - 17 + 15*d - 2*d**2 - 3 + d**3. What is w(13)?
6
Let d(t) = 125*t + 1003. Let z be d(-8). Let q(o) = o + 2*o + 2*o**2 - 3 - o. What is q(z)?
21
Let x(l) = -9*l + 310. Let c be x(30). Let z be (42 - c)*(-3)/2. Let p(d) = d + 3. What is p(z)?
0
Let t(s) = 1922*s**3 + 10 + 15*s - 200*s**2 - 1921*s**3 + 215*s**2. Determine t(-14).
-4
Let z(l) = 31 - 25 + 2*l + 3*l - l**3 - 9*l + 7*l**2 + l. Give z(4).
42
Let l(g) = 0*g**2 + 19*g - 1062 + 2127 - 1060 - g**2 - 18*g. Suppose -s - x + 5*x - 8 = 0, 3*s + 3*x = 6. Determine l(s).
5
Let w(s) = -s**3 - 4*s**2 + 14*s + 12. Suppose -70*r - 5*j = -66*r - 20, -r = -3*j + 29. Give w(r).
-33
Let o(k) = k + 3. Let z(y) = -y - 3. Let i(f) = -6*o(f) - 5*z(f). Let s = -202 - -191. Determine i(s).
8
Let l(i) = i**3 + 16*i**2 - 18*i - 9. Suppose 60*x - 87 = 31*x. Suppose -x*d + 4*b = 77 - 14, -d = 4*b + 5. What is l(d)?
8
Let d(u) = -6*u + 25. Let v be 34/(-425) + (-1414)/(-175). Give d(v).
-23
Let u(r) be the first derivative of -r**4/4 - 5*r**3/3 - r**2/2 - 4*r + 648. What is u(-3)?
-19
Let i(o) = 445171*o + 5 - 445155*o + 22 + 11 - 4. Give i(-2).
2
Let b be 103 - 3*8/(-12). Let d = 107 - b. Let k(c) = 5*c**3 - 3 - 99*c - 4*c**3 + 102*c. What is k(d)?
11
Suppose 2*l = 3*t + 8, -2*l + 4*t + 68 = 62. Let b(f) = -31 - f + 7*f**2 - 6*f + 45. Let r(v) = -3*v**2 + 4*v - 7. Let z(n) = 2*b(n) + 5*r(n). Determine z(l).
-14
Let g be -1 - 8 - ((-5 - 9) + 13). Let m(n) = -n**3 - 6*n**2 + 12*n + 4. Calculate m(g).
36
Let c(x) = x**3 + 8*x**2 - x - 10. Let u = 105 - 225. Let v be ((-138)/(-15))/(12/u). Let g = v + 84. Calculate c(g).
-2
Let r(q) = -q**3 - 2*q**2 - 2*q - 1. Let d(h) = 4*h**2 + 8*h + 15. Let f be d(-2). Suppose 639*b = 634*b - f. Give r(b).
14
Let q be 7/(49/(-1477))*2/2. Let w = q + 207. Let s(c) = -c**3 - 4*c**2 + 4*c + 1. Determine s(w).
-15
Let c be 4 + 1/(-1) - -2. Suppose c*b - 3*r - 37 = 0, -4*b - b + 9 = 4*r. Let q(f) = -87*f - 89*f - 79*f + 253*f. Give q(b).
-10
Let s be 8/6*(27/4)/1. Let a(x) = 20*x**2 - x**3 - 13*x + 9 - 3 + 7 - 10*x**2. Calculate a(s).
-23
Let r(b) = -b**2 - 11*b + 19. Let d(g) = -19*g - 1 + 5*g + 4 + 9*g - 11*g**2. Let a be d(1). What is r(a)?
-7
Let u(r) = r - 1. Let p(l) = 6*l - 3. Let g(b) = p(b) - 5*u(b). Suppose -7*o + 875 = 357. Let c = -78 + o. Calculate g(c).
-2
Let w(k) be the third derivative of k**6/120 + 3*k**5/10 - 17*k**4/24 + 15*k**3/2 - 363*k**2. Calculate w(-19).
7
Suppose 0 = -4*w - 0*w - 12. Let t(p) = -p**3 - 2 + 5*p - 6 + 1 + 40*p**2 - 42*p**2 - 5*p. Determine t(w).
2
Let v = -14 + 4. Let a = 18 + v. Let o(r) be the second derivative of r**5/20 - 3*r**4/4 + 4*r**3/3 - 3*r**2/2 + 9*r - 107. Determine o(a).
-3
Let v(x) = -5*x**2 + 47*x + 33. Let w(k) = -k**2 + 16*k + 13. Let g(i) = -3*v(i) + 8*w(i). What is g(2)?
7
Suppose 18 = o + 16. Let b(v) = 7*v**2 - 10*v + 1 - 16*v + 28*v + 5*v**o. Calculate b(-1).
11
Let g(s) = -5*s**2 - 69*s + 203. Let q(y) = y**2 + 17*y - 51. Let k(t) = -2*g(t) - 9*q(t). Determine k(5).
3
Let z(i) = 46*i + 19761 - 40224 + 20045. Determine z(9).
-4
Let g(y) = 3*y**2 - 27*y - 1. Let j be 5*(-49)/(-35) - 2 - (1 + -4). Determine g(j).
-25
Suppose -2*y + 3*f + 2*f - 36 = 0, -3*y + f = 28. Let x(u) = -4*u - 11. Let o(s) = -2*s + 1. Let t(p) = o(p) - x(p). Give t(y).
-4
Let d(x) = 2*x. Let y(k) = 3*k - 47. Let t be y(18). Suppose 5*